 -8*k. Suppose k = -h + 1 - 29. Let q = 50 + h. What is the units digit of q?
2
Let g(q) = 4*q + 11. Let m(k) = 3*k + 10. Let s(v) = 2*g(v) - 3*m(v). Let u be s(-5). What is the units digit of (1 + -4)/(u/11)?
1
Suppose 0*y + 4*y - 308 = 0. Suppose 5*n - 125 = -3*m - 2*m, 0 = -3*n - 4*m + y. What is the tens digit of n?
2
Let o = -4 + 3. Let j = o + 5. Let c = j - -1. What is the units digit of c?
5
Suppose 2*y - 27 = 13. Suppose 3*g - 1 - y = 0. What is the units digit of g?
7
Let w be (0 - -4)*5/4. Let s be (18/21)/((-8)/(-112)). Suppose -w*g = -3*g - s. What is the units digit of g?
6
Let z be (-3)/2*(8 - 12). What is the units digit of 2/z - (-465)/9?
2
Suppose 19*t = 22*t - 75. What is the tens digit of t?
2
Let m(z) = -z**2 + 7*z. Let a be m(8). Let t = -7 - a. What is the units digit of t?
1
Suppose -4*i - 2*g = 134, g = 4*i + 6*g + 131. Let l = 75 + i. What is the units digit of l?
1
Suppose 3 = 2*x - 1. Suppose t + 73 = 3*o, 111 = 5*o + 3*t - x*t. What is the units digit of o?
3
Let g(v) = -11*v + 1. Let r be g(-1). Let f = 17 - -4. Suppose r = 3*z - f. What is the tens digit of z?
1
Let m be 5/((-10)/(-6)) + -4. What is the units digit of 1/(0 + (m - -2))?
1
Let n be 3 + (-3*33)/(-3). Suppose 3*a - 45 = n. What is the units digit of a?
7
Suppose -3*m = -5*v + 100, 4*v - 2*v - 3*m = 40. Suppose 0 = -f + v - 4. Suppose 0 = z - f - 5. What is the tens digit of z?
2
Let n(y) = y**3 + 8*y**2 - 8*y + 4. Let d be n(-9). Let l = d - -5. Suppose -5*j - 4*c + 48 = l, -4*c = -4*j - 2*c + 28. What is the units digit of j?
8
Let f(j) = j**3 - 2*j**2 - j. Let r be f(-1). What is the units digit of (8/10)/(r/(-5))?
2
Let k = 42 - 11. Suppose 0*y - 3*l = -5*y - 16, 5*y = -2*l - k. Let r = y + 14. What is the units digit of r?
9
Suppose -750 = -4*z - 2*w, 0*z - 3*w + 381 = 2*z. What is the hundreds digit of z?
1
Suppose 9*l - 27*l = -1386. What is the units digit of l?
7
Suppose 0 = 5*w + s + 23, 3*w - 5 + 2 = 5*s. What is the tens digit of (-84)/(-2) + 4/w?
4
Let a be (68 - -1) + 18/6. What is the tens digit of (a/21)/((-3)/(-21))?
2
Suppose -24*m - 2 = -25*m. What is the units digit of m?
2
Let x = 5 + -2. Suppose x*h - 40 = -2*h. What is the units digit of h?
8
Let l = 140 - 86. What is the tens digit of l?
5
Let g be (-24)/2 - 6/(-3). Let l = g + 43. Let b = -22 + l. What is the tens digit of b?
1
Suppose c + 12 = -3*c. What is the tens digit of 13 + 1 - (c - 0)?
1
Suppose -c - 70 = -16. What is the tens digit of c/(-4)*(-4)/(-3)?
1
What is the tens digit of (-3 + 1)*(95/2)/(-5)?
1
Suppose -3*y = -0*y - 18. Suppose p + y = 3*p. Suppose -s - 14 = -p*s. What is the units digit of s?
7
Let w = 0 + 67. What is the units digit of w?
7
Suppose 3*x - 7*x = -16, -3*t - x + 16 = 0. Suppose 3*k + 71 - 215 = -n, 2*k = t*n + 96. What is the units digit of k?
8
Let p(k) = -k + 12. Let d = 35 - 17. Let l = d + -9. What is the units digit of p(l)?
3
Let l(t) = 2*t**2 + t**3 + 11 - 12*t**2 - 4*t - 7*t. Suppose 3*n - 48 = -0*n + 5*r, 5*r = -15. What is the units digit of l(n)?
1
Let j = 55 + -23. What is the units digit of j?
2
What is the tens digit of 2/6 - (6540/9)/(-10)?
7
Let b be (-3)/(-12)*-2*0. Suppose b = -2*n - 0*n. Suppose 3*y - 6 + 0 = n. What is the units digit of y?
2
Let z be 0 + (-3)/((-6)/4). Let j be 18/(-12) - 2/(-4). What is the units digit of z/(-2 + 4) - j?
2
Suppose 0*k = -k + 4. Let n be 2/(k + 0)*24. Let a = 22 - n. What is the tens digit of a?
1
Suppose -4*h + 499 = -11*m + 6*m, -2*h + 4*m + 254 = 0. What is the units digit of h?
1
What is the tens digit of 87*((-3)/(-9) - 7/(-7))?
1
Let x(u) = u**2 + 4*u - 3. Let g be x(-3). Let q(c) = c**3 + 3*c**2 - 4*c - 2. Let t be q(-4). What is the units digit of t/(-6) + (-28)/g?
5
Suppose w = -3*d + 271, -4*d + 336 = -8*w + 3*w. What is the units digit of d?
9
Let b be 6/2 - 20*-6. Suppose 1 + b = 3*a + p, -3*a = -4*p - 119. What is the units digit of a?
1
Suppose -4*c = -53 + 9. Let t = c - 7. What is the units digit of t/(-6)*63/(-6)?
7
Suppose 3*j = 5*j - 246. What is the units digit of j?
3
What is the tens digit of 3*(-4)/((-36)/69)?
2
Let g = 0 + 0. Let r = 6 + g. Suppose 3*v + d = r*v - 26, -v - 3 = 2*d. What is the units digit of v?
7
What is the units digit of (180/8)/(2/4)?
5
Let c = 2 - 0. Suppose 6 = -2*i, -3*i - c*i - 24 = -j. Suppose 2*l - j - 5 = 0. What is the units digit of l?
7
Let l(g) = -g**2 + 6*g - 1. Let f be l(5). Suppose -3*j + f = -5. What is the units digit of j?
3
Let y be (-6)/(-2) - 1689/3. What is the tens digit of (-2)/5 + y/(-25)?
2
Let i be 6 + 4/((-4)/3). Suppose 2*l = 3 + i. What is the units digit of l?
3
Suppose -4*w + 465 = 93. What is the tens digit of w?
9
Let k(v) = -v**2 - 12*v - 4. Let t be 9/((1/1)/(-1)). Let z be k(t). Let f = 36 - z. What is the units digit of f?
3
Let j be (-2)/(-2) + (0 - 1). Let p(b) = b**2 + 12. Let w be p(-7). Suppose 5*d + 5*m - 58 + 13 = j, -3*m - w = -5*d. What is the units digit of d?
1
Let c(f) = -f - 1. Let z(t) = -17*t - 7. Let u(v) = -6*c(v) + z(v). Let b be u(-1). Suppose 2*o = b + 4. What is the units digit of o?
7
What is the units digit of 2*(2 - 1)*16?
2
Suppose 3*w - 5*v - 27 = 0, -4*v = 3*w - 3*v - 27. Let o be (1 - 2)*(-3 + w). What is the units digit of o*(-4)/(-18)*-6?
8
Let t(r) = 2*r - 2. What is the units digit of t(5)?
8
Let q(h) = -h**3 + 7*h**2 + 9*h + 3. Let i be q(8). Let s = i - 9. Suppose 0 = r - s - 1. What is the units digit of r?
3
Let x = -150 - -414. What is the tens digit of 4/(-12) + x/9?
2
Suppose 7*u = 4*u + 75. What is the units digit of u?
5
Let z be -4 - (2 - (0 - -2)). Let y = 8 + z. What is the units digit of (-1)/(-4) + 27/y?
7
Let b(r) = r**3 - r**2 + 2. Suppose 0 = 5*f - 0*f. Let t be b(f). What is the tens digit of 1/(-1) + t*9?
1
Let k be (-56)/42*201/(-1). Suppose k = 5*r - 4*d, -3*d - 116 = -5*r + 150. What is the units digit of r?
2
Let m(l) = 8*l**2 + l - 1. Let b be m(1). Suppose -b*x = -7*x - 11. What is the tens digit of x?
1
Suppose -y = 4*y - 155. What is the units digit of y?
1
Let n(q) = -q**3 + 2*q**2 + 2*q - 2. Let d be n(2). Suppose -2*y + 0*y - 14 = -d*a, 0 = -2*y - 3*a + 11. What is the units digit of y/(-1)*30/12?
5
Let p(a) = 4*a**2 - 3*a + 4. What is the tens digit of p(3)?
3
Let q = 6 + -4. Suppose 5*x = q*x + 9. What is the units digit of x?
3
Let a(z) = -16*z + 16. Let r(u) = -3*u + 3. Suppose c = 5*c + 88. Let x(j) = c*r(j) + 4*a(j). What is the units digit of x(3)?
4
Suppose 44 - 12 = h. What is the units digit of h?
2
Let g(p) = -2*p + 2. Let q be (-4)/6*(-3 - 3). Suppose -8 = 3*y + q. What is the units digit of g(y)?
0
Let x be (4/5)/(6/(-45)). Let a(y) = -6*y**2 - 8 + 2*y + 5*y**2 - y**3 - 4*y**2. What is the tens digit of a(x)?
1
What is the tens digit of ((-2)/(4/(-6)))/(6/610)?
0
Let n = -23 - -85. What is the tens digit of n?
6
Let q(z) = -z + 2. Let y = 15 + -11. Let u be q(y). Let v = 13 + u. What is the units digit of v?
1
Suppose -571 = -2*z - 5*n, 3*z - n = 6*z - 824. What is the units digit of z?
3
What is the hundreds digit of 56/(-21)*198/(-4)?
1
Let y(a) = a**3 + 8*a**2 + a + 2. What is the tens digit of y(-5)?
7
Suppose 4*a + 3*c = 35, -2*a = -3*c + 4*c - 15. Let s be 52/(-20) + (-2)/a. What is the units digit of (s - 5)*(-1 + 0)?
8
Let y(f) = -f**3 + 13*f**2 - 11*f - 8. Let o be y(12). Suppose -m + 90 = o*m. What is the units digit of m?
8
What is the units digit of 434/6 - (6 - 40/6)?
3
What is the units digit of 156/27 + (-18)/(-81)?
6
Suppose p + 0*p - 7 = 0. Let h = p + -10. What is the units digit of 4 - 4 - (h + 1)?
2
What is the hundreds digit of ((-15)/(-6) + -2)/(6/2736)?
2
Let i(g) = g**2 + g + 32. What is the units digit of i(0)?
2
Let a(z) = 3*z**3 - 2*z. Suppose 5*u - 3*x + 2 = 0, -5 = -x - 1. What is the tens digit of a(u)?
2
Let g be 0/1 + 2 + -4. Let m be (1 + 2)*(-2)/g. Suppose m = 5*a - 2. What is the units digit of a?
1
Suppose 5*r + 22 = 2*i - 9, 0 = r - 3. Let z = 44 - i. What is the tens digit of z?
2
Suppose -3*x + 2*z + 3*z = -21, 2*x - 3*z - 14 = 0. Let q(g) = -g**3 + 7*g**2 + 2*g - 3. What is the tens digit of q(x)?
1
Suppose -o = -5*h - 1, h - 3*o + 2 = -1. Suppose 0 = -t - 1 - 2, h = 4*p - 3*t - 157. What is the tens digit of p?
3
Let m be (-8)/((-2)/1*1). Suppose -4*j = m*c - 148, -2*j - 4*c = -0*j - 64. Wh